the units digit of 83350?
0
What is the millions digit of 3595458?
3
What is the tens digit of 140201?
0
What is the ten millions digit of 31958326?
3
What is the millions digit of 8598672?
8
What is the thousands digit of 13719592?
9
What is the tens digit of 2085422?
2
What is the units digit of 199131?
1
What is the hundreds digit of 956521?
5
What is the ten thousands digit of 6985216?
8
What is the ten thousands digit of 120062?
2
What is the hundreds digit of 538451?
4
What is the hundred thousands digit of 6680340?
6
What is the units digit of 1792647?
7
What is the units digit of 116002?
2
What is the hundreds digit of 2002874?
8
What is the ten thousands digit of 974536?
7
What is the ten thousands digit of 759893?
5
What is the tens digit of 23934?
3
What is the tens digit of 837413?
1
What is the millions digit of 1474298?
1
What is the tens digit of 20255856?
5
What is the ten thousands digit of 961461?
6
What is the tens digit of 6623544?
4
What is the ten thousands digit of 162408?
6
What is the ten thousands digit of 3981663?
8
What is the thousands digit of 1052806?
2
What is the ten thousands digit of 567126?
6
What is the ten thousands digit of 1990596?
9
What is the ten thousands digit of 1563872?
6
What is the ten thousands digit of 165359?
6
What is the tens digit of 117947?
4
What is the units digit of 1935995?
5
What is the hundreds digit of 311555?
5
What is the hundreds digit of 2794025?
0
What is the hundreds digit of 115211?
2
What is the ten thousands digit of 22900183?
0
What is the units digit of 5857335?
5
What is the hundreds digit of 556262?
2
What is the millions digit of 3280243?
3
What is the hundreds digit of 962995?
9
What is the thousands digit of 13532880?
2
What is the millions digit of 7073999?
7
What is the hundred thousands digit of 1455929?
4
What is the ten millions digit of 10227738?
1
What is the hundred thousands digit of 18050406?
0
What is the units digit of 11943691?
1
What is the tens digit of 262614?
1
What is the tens digit of 6766909?
0
What is the millions digit of 15934209?
5
What is the hundreds digit of 6770792?
7
What is the hundred thousands digit of 1286651?
2
What is the ten thousands digit of 188558?
8
What is the hundred thousands digit of 14647201?
6
What is the tens digit of 16986751?
5
What is the thousands digit of 220555?
0
What is the thousands digit of 30132898?
2
What is the ten thousands digit of 1705244?
0
What is the tens digit of 107783?
8
What is the tens digit of 153732?
3
What is the thousands digit of 414491?
4
What is the tens digit of 1044751?
5
What is the units digit of 1739022?
2
What is the units digit of 19491?
1
What is the tens digit of 3330685?
8
What is the units digit of 4865967?
7
What is the units digit of 68945?
5
What is the ten thousands digit of 972481?
7
What is the hundreds digit of 15959768?
7
What is the units digit of 241988?
8
What is the hundreds digit of 11778370?
3
What is the hundred thousands digit of 1831174?
8
What is the thousands digit of 5783540?
3
What is the hundreds digit of 15019?
0
What is the ten thousands digit of 169055?
6
What is the ten thousands digit of 15659145?
5
What is the hundreds digit of 6800412?
4
What is the ten thousands digit of 428010?
2
What is the units digit of 4220648?
8
What is the units digit of 7180753?
3
What is the millions digit of 1330507?
1
What is the units digit of 5538473?
3
What is the millions digit of 2198747?
2
What is the millions digit of 2217671?
2
What is the hundred thousands digit of 1024236?
0
What is the hundred thousands digit of 5872512?
8
What is the tens digit of 2886037?
3
What is the ten thousands digit of 50568?
5
What is the hundred thousands digit of 1404602?
4
What is the ten thousands digit of 792143?
9
What is the units digit of 1192806?
6
What is the millions digit of 4180093?
4
What is the ten thousands digit of 34782?
3
What is the hundred thousands digit of 5379300?
3
What is the ten thousands digit of 570127?
7
What is the units digit of 10326?
6
What is the hundred thousands digit of 14560179?
5
What is the units digit of 129589?
9
What is the millions digit of 1805795?
1
What is the hundreds digit of 296484?
4
What is the tens digit of 7902?
0
What is the hundred thousands digit of 3263428?
2
What is the millions digit of 4930782?
4
What is the hundreds digit of 6614803?
8
What is the hundreds digit of 437248?
2
What is the tens digit of 258304?
0
What is the hundred thousands digit of 149295?
1
What is the hundreds digit of 243654?
6
What is the hundreds digit of 13109416?
4
What is the hundreds digit of 2326466?
4
What is the hundred thousands digit of 2384045?
3
What is the tens digit of 479881?
8
What is the units digit of 23238211?
1
What is the hundreds digit of 136830?
8
What is the thousands digit of 785289?
5
What is the hundred thousands digit of 334092?
3
What is the units digit of 5649637?
7
What is the millions digit of 17237347?
7
What is the hundred thousands digit of 149973?
1
What is the tens digit of 14889709?
0
What is the units digit of 804232?
2
What is the ten thousands digit of 485410?
8
What is the thousands digit of 5169379?
9
What is the millions digit of 2978056?
2
What is the hundred thousands digit of 2123546?
1
What is the units digit of 1929026?
6
What is the tens digit of 273590?
9
What is the ten thousands digit of 2574302?
7
What is the hundred thousands digit of 4838781?
8
What is the units digit of 1794755?
5
What is the hundred thousands digit of 236103?
2
What is the hundreds digit of 4638181?
1
What is the thousands digit of 17050297?
0
What is the tens digit of 109915?
1
What is the units digit of 229393?
3
What is the hundred thousands digit of 1681201?
6
What is the units digit of 18678429?
9
What is the ten millions digit of 26370362?
2
What is the tens digit of 2940765?
6
What is the thousands digit of 8292645?
2
What is the millions digit of 3654594?
3
What is the hundred thousands digit of 168100?
1
What is the hundreds digit of 528495?
4
What is the hundreds digit of 6574989?
9
What is the thousands digit of 714803?
4
What is the units digit of 2884423?
3
What is the units digit of 858050?
0
What is the ten thousands digit of 2642886?
4
What is the ten thousands digit of 2123662?
2
What is the tens digit of 270847?
4
What is the millions digit of 5426568?
5
What is the ten thousands digit of 4915477?
1
What is the hundred thousands digit of 21906610?
9
What is the hundred thousands digit of 3550753?
5
What is the hundreds digit of 364857?
8
What is the units digit of 50920?
0
What is the hundreds digit of 3652731?
7
What is the thousands digit of 3498481?
8
What is the ten thousands digit of 11684017?
8
What is the units digit of 7103881?
1
What is the units digit of 244705?
5
What is the ten thousands digit of 264638?
6
What is the hundreds digit of 529228?
2
What is the thousands digit of 671180?
1
What is the ten thousands digit of 6075830?
7
What is the hundreds digit of 258823?
8
What is the tens digit of 90498?
9
What is the ten thousands digit of 2799414?
9
What is the hundred thousands digit of 269885?
2
What is the thousands digit of 4799877?
9
What is the tens digit of 13790?
9
What is the ten thousands digit of 294302?
9
What is the ten thousands digit of 64436?
6
What is the tens digit of 183564?
6
What is the hundreds digit of 34036?
0
What is the units digit of 242319?
9
What is the thousands digit of 1396232?
6
What is the units digit of 8645654?
4
What is the hundreds digit of 3736131?
1
What is the hundred thousands digit of 10445548?
4
What is the units digit of 1744817?
7
What is the thousands digit of 157407?
7
What is the tens digit of 175088?
8
What is the millions digit of 14036233?
4
What is the thousands digit of 34477583?
7
What is the tens digit of 54105?
0
What is the ten thousands digit of 256075?
5
What is the ten thousands digit of 280327?
8
What is the tens digit of 479542?
4
What is the ten thousands digit of 3589377?
8
What is the tens digit of 1386646?
4
What is the hundred thousands digit of 593119?
5
What is the tens digit of 127600?
0
What is the hundreds digit of 220?
2
What is the hundred thousands digit of 8021767?
0
What is the tens digit of 13215612?
1
What is the hun